 - 333, -4*t - 945 = -3*a. Is a prime?
False
Let o be (-3)/(36/38 - 1). Suppose 4*w + o = 3*w. Let v = 84 - w. Is v prime?
False
Let w = -113029 - -166356. Is w a composite number?
False
Let f = 724581 + -493382. Is f a composite number?
True
Let j be (4 - (2 - 13))/((-15)/(-18)). Is (-853)/(6/j*-1) a prime number?
False
Is (58/(-87)*186413/2)/(1/(-3)) a composite number?
True
Suppose -b + 556173 = 2*l, l - 13*b = -18*b + 278082. Is l composite?
False
Suppose g = -3*z + 118001, 30 - 48 = -3*z. Is g a composite number?
True
Let a be (1/(20/88))/((-10)/(-575)). Suppose -257*w + 57524 = -a*w. Is w a composite number?
True
Let y(m) = m**2 + 13*m - 10. Let z be y(-14). Let r be (z + (-52)/12)*-15. Suppose -5*f - 2572 = -4*o - 10695, 1613 = f + r*o. Is f composite?
True
Suppose a - 49482 - 27941 = c, 3*a = -5*c + 232301. Let v = a - 176435. Is (v/(-12))/8 + (-2)/6 a composite number?
False
Suppose -4*i + 10 - 2 = 0. Let b(y) = -6 + 14 - 6*y + 4 + 28*y**i + 5. Is b(-6) a prime number?
True
Let s(i) = -2*i**2 + 90*i + 46. Let x be s(36). Is (-34 + 53)/(2/x) a prime number?
False
Suppose 8*p = 15*p. Suppose 4*w - w - 4107 = p. Is w a prime number?
False
Suppose -15 + 5 = -z. Suppose 4*s - z = -2. Is ((-2003)/s)/(5/(-2) - -2) composite?
False
Is 137902 + 77*18/198 composite?
False
Suppose 3930012 + 799686 = 5*w + p, -15 = -5*p. Is w a composite number?
True
Let s(v) = -297738*v - 2099. Is s(-5) a prime number?
True
Suppose 2*t - 80924 = -3*q, -1026*t - 40463 = -1027*t - 2*q. Is t a composite number?
False
Let u = 177159 + -62848. Is u prime?
True
Suppose -5*n = -4*p + 46344, -99*p + 102*p - 34789 = -4*n. Is p a composite number?
True
Let j(i) = -166*i + 12 - 3 + 5*i - 5. Is j(-5) prime?
True
Suppose -6*c = -3*c - 4*u - 721735, 1202886 = 5*c - u. Is c a prime number?
False
Suppose -8248887 = -13*k + 6231099 + 2313193. Is k a composite number?
False
Suppose 52 = -g - 2*f, 0*g - 151 = 3*g + f. Suppose i = 2*j + 239, 6*j = 4*j + 2. Let l = i + g. Is l composite?
False
Let h = 7281 + -3271. Suppose -4009 = -4*c + 3*l, 17*c + 2*l + h = 21*c. Is c prime?
False
Suppose -307294 = 6*n - 32*n. Is n a composite number?
True
Suppose 9 = -q + 2*d, 0 = 4*q - 2*q + 5*d. Is -1*12378/(-3)*q/(-10) a composite number?
False
Let a(q) = 78*q**3 + q**2 + 8*q - 5. Let v(j) = -j**2 - 2*j + 1. Let p(b) = -a(b) - 6*v(b). Is p(-2) prime?
False
Suppose 10 = r + 3. Suppose v + s = r, 3*v - 5*s + 14 = v. Suppose 2*o = -3*b + 15, 2*o + o + v*b - 24 = 0. Is o a prime number?
False
Suppose -15 = 5*s + 15. Let u be 2/s*-789 - 2. Let g = u + -112. Is g a composite number?
False
Let u(m) = -2*m - 8. Suppose 3*q - 2 = -14. Let i be u(q). Suppose -2*n - 504 = -6*n - 4*y, i = -5*n - 3*y + 640. Is n a composite number?
False
Suppose -2744 = 4*j + 564. Let l = 2436 + j. Let t = l + -744. Is t composite?
True
Suppose -2*j - 4*m = -61454, -153614 = -5*j + 32*m - 35*m. Is j composite?
True
Let c be 26 + (1/(-2))/(3/(-30)). Suppose -c*g = -34*g + 5757. Is g prime?
False
Is ((-88)/176)/(1/(-59434)) prime?
True
Let d(i) = 223*i + 103. Suppose 21*c = 9*c + 120. Is d(c) a composite number?
False
Let q = -130 + 245. Let u = -114 + q. Suppose p = -h, h + 2*p + u = -2. Is h prime?
True
Let m be (8 - 7)*(-3 + 2)*7. Let l = m + 5. Is (-2)/4 - 1229/l a composite number?
True
Let v(c) = 4*c**2 - 10*c - 44. Let q(i) = -11*i**2 + 30*i + 132. Let z = -69 - -61. Let j(f) = z*v(f) - 3*q(f). Is j(19) a prime number?
True
Suppose 0 = c + 1, -396594 = -5*d + 33*c - 29*c. Is d composite?
True
Let u(z) = 334*z - 11. Let g be u(11). Suppose -18*x = -9*x - g. Suppose 4*h - 179 = 2*h - 5*v, 5*h = v + x. Is h prime?
False
Let g = -248 - -245. Is -4 + 43/((-3)/441*g) a prime number?
False
Suppose x - 5 = -2. Suppose 0 = -5*m + 3*w - 5504, -x*m + 0*w = w + 3308. Let u = 1839 + m. Is u prime?
False
Let g be 68349/(-33) + (-2)/(-11). Let q = 3511 + g. Suppose n + 3568 = 4*l - q, 4*n + 2490 = 2*l. Is l composite?
True
Suppose -132*y = -104*y - 1352204. Is y composite?
True
Let n = -142963 + 335702. Is n a composite number?
True
Suppose 167220 = -4*d + 7*d. Suppose 17439 = 9*p - d. Suppose -4308 = -7*h + p. Is h a composite number?
False
Suppose 16*w + 6130 = 21*w. Suppose w - 9046 = -2*t. Suppose -6*k + 16*k - t = 0. Is k composite?
True
Let p be 2/((-90)/577945) - 6/(-27). Is (p + 2)/((-56)/8 - -6) a composite number?
False
Suppose -6*m + 832940 + 727258 = 0. Is m a composite number?
True
Let j(w) = -29244*w**3 + 5*w**2 + 7*w - 7. Is j(-2) composite?
True
Suppose -9175 = -7*s + 4265. Suppose 5*v + 4*x + s = 0, -4*v - 766 = -2*v + 2*x. Let h = -81 - v. Is h composite?
False
Is (2 - (-64970)/8)/((-21)/(-364)) a composite number?
True
Suppose -j + 15 + 80 = 4*r, -r = 3*j - 21. Suppose -502 = -r*h + 22*h. Is h a prime number?
True
Suppose 15*h + 355793 = -2*h. Let m = h + 40538. Is m a prime number?
True
Let n be (-3*1)/((-15)/25). Suppose -c + 5 = -n*t, 3*c = 2*t - 3*t - 1. Is 305 - -4 - -2 - c a composite number?
False
Let p(z) = 68788*z + 10889. Is p(5) prime?
True
Let f be 162/15*(-6*45)/(-3). Suppose u = -n + 339, -5*n - u + f = -723. Let j = -128 + n. Is j prime?
True
Suppose 35*r - 34*r - 5683 = 0. Suppose g = -10*w + 5*w + 2858, 2*g - w - r = 0. Is g composite?
False
Let g(i) = i - 23. Suppose 4*u = 10*u - 198. Let m be g(u). Is 3/(m/(-16556)*(-6)/5) prime?
True
Suppose -6*s + 37 = -65. Suppose 0 = 5*b - b - 5*u + s, -5*b = 3*u - 25. Suppose 8*d = b*d + 5010. Is d a prime number?
False
Suppose 0 = 5*j + 25, p + 0*j - 3*j - 18 = 0. Suppose p*y + 4*l - 766 = 0, y - 3*l - 60 = 178. Let s = y + -179. Is s composite?
False
Is 86003/(1/(4 + 2)*6) composite?
True
Let j = 6281 + 2004. Is j composite?
True
Let m = 41092 + -15959. Is m prime?
False
Let o(m) be the second derivative of 4*m**4/3 - 23*m**3/6 + 4*m**2 - 66*m. Is o(9) a composite number?
False
Suppose -5*k - p + 321695 = 2*p, 0 = 4*k + 2*p - 257356. Is k prime?
False
Suppose 2*u - 34 = -40. Is ((-106572)/48)/(u/(-4) + -1) a composite number?
True
Let u = -16 - -17. Is (-19226)/(-18) - u - 8/72 a composite number?
True
Suppose 147*p - 187*p + 6538520 = 0. Is p a prime number?
False
Suppose -418 = 5*p + 932. Let h = p - -1013. Is h prime?
True
Let r(a) = 90642*a**3 - 38*a**2 + 38*a - 1. Is r(1) composite?
False
Is 6 + 11485137/87 + (-74)/1073 a composite number?
False
Is -14 + -20 + 27 + 35474 prime?
False
Let s(x) be the third derivative of 1/2*x**4 + 0 + 19*x**2 - 1/120*x**6 + 1/60*x**5 + 0*x + 5/6*x**3. Is s(-8) a prime number?
False
Let b = -34472 - -92455. Is b composite?
True
Suppose 207*i - 17759217 = 93*i + 93*i. Is i a prime number?
False
Let i(q) = q**3 + q**2 + 15*q - 359. Is i(12) a composite number?
False
Let z = 995219 + -691617. Suppose -11*l - 15*l + z = 0. Is l prime?
True
Let h(a) = 1007*a**3 + 20*a**2 + 2*a + 8. Is h(5) a prime number?
False
Let y = 21 - 13. Suppose y*k - 3140 = 3*k. Suppose 2*n + k = 6*n. Is n a composite number?
False
Suppose 3*z - z = 4*c + 6, -33 = -5*z + c. Suppose 78521 = 3*h + 2*j, h + z*j = 3*j + 26187. Is h a composite number?
False
Let m be (-254 - -53) + (0 - 0 - -4). Let t = 979 - m. Suppose -4*d + u = -t, 3*u = -4*d + 6*u + 1184. Is d a prime number?
True
Let q be 27/6*40/12. Is -5*(21618/q)/(-3) a prime number?
False
Let d(l) = -4*l**2 - 33*l - 11. Let k be d(-8). Is (-11929)/k - 14/(-21) a composite number?
True
Suppose 5*p - 6955 = -1310. Suppose 5*t = 4999 - p. Suppose 2*y = 16 + t. Is y composite?
True
Let v(x) = 517*x**2 - 129*x - 503. Is v(-23) prime?
False
Let n be 856 + -3 + (5 - (-10)/5). Let j = n + -457. Is j composite?
True
Suppose 3*k - 2*n - 289 = -2*k, 0 = 4*k + 3*n - 245. Suppose 21 = 2*r - k. Is r/(-30)*213/(-2) a prime number?
False
Let t = -1396 + 3834. Suppose -h = 2*g - 7, -2*g + 4*h + 9 + 13 = 0. Suppose 4*x - 120 - t = -3*j, -3*x = -g*j - 1933. Is x a prime number?
True
Let y be 2 + 0 + 21 + -18 - -59. Suppose 63*v = y*v - 4195. Is v a prime number?
False
Let k be 6/(-39) + (-1570)/(-65). Suppose -27*s + 15079 = -k*s - 4*y, 4*y - 5005 = -s. Is s composite?
False
Let q(b) = b**3 + 13*b**2 + 2*b + 3. Let j be q(-13). Let h(y) = -97*y + 20. Is h(j) a prime number?
True
Let v(m) = -6*m**2 - 3*m + 1. Let y(i) = -i**2. Let t(s) = -v(s) + 4*y(s). Let h be 16*(-9 - (-119)/14). Is t(h) composite?
False
Su